{"id":531,"date":"2015-10-05T20:49:08","date_gmt":"2015-10-05T18:49:08","guid":{"rendered":"http:\/\/sg-pottenstein.de\/?page_id=531"},"modified":"2022-03-30T19:57:49","modified_gmt":"2022-03-30T17:57:49","slug":"kontakt","status":"publish","type":"page","link":"https:\/\/sg-pottenstein.de\/?page_id=531","title":{"rendered":"Kontakt"},"content":{"rendered":"<p>&nbsp;<\/p>\n<p><strong>Postanschrift:<\/strong><\/p>\n<p>&nbsp;<\/p>\n<p>Sch\u00fctzengesellschaft Pottenstein e.V.<\/p>\n<p>z.H. Albert Hense<\/p>\n<p>Hauptstra\u00dfe 11<\/p>\n<p>91278 Pottenstein<\/p>\n<p>&nbsp;<\/p>\n<p>E-Mail:&nbsp;<a title=\"mailto:info@sg-pottenstein.de\" href=\"mailto:info@sg-pottenstein.de\">info@sg-pottenstein.de<\/a><\/p>\n<p>&nbsp;<\/p>\n<p>&nbsp;<\/p>\n<p><strong>Sch\u00fctzenheim:<\/strong><\/p>\n<p>Gasthaus Mager<\/p>\n<p>Hauptstra\u00dfe 17<\/p>\n<p>91278 Pottenstein<\/p>\n<p>&nbsp;<\/p>\n<p>Zu finden sind wir in der Hauptstra\u00dfe gegen\u00fcber der Kirche St. Bartholom\u00e4us im Brauereigasthof Mager. Zum Schie\u00dfhaus gelangt man \u00fcber den zugeh\u00f6rigen Biergarten.<br \/>\n&nbsp;<br \/>\n<iframe loading=\"lazy\" style=\"border: 1px #666 solid; box-shadow: 0px 5px 5px grey;\" src=\"https:\/\/www.google.com\/maps\/embed?pb=!1m14!1m8!1m3!1d1297.6868408602545!2d11.408382!3d49.771237!3m2!1i1024!2i768!4f13.1!3m3!1m2!1s0x0%3A0x516359b016c70e19!2sSchie%C3%9Fhaus+SG+Pottenstein!5e1!3m2!1sde!2sus!4v1444311205797\" allowfullscreen=\"allowfullscreen\" width=\"400\" height=\"400\" frameborder=\"0\" align=\"middle\"><\/iframe><\/p>\n","protected":false},"excerpt":{"rendered":"<p>&nbsp; Postanschrift: &nbsp; Sch\u00fctzengesellschaft Pottenstein e.V. z.H. Albert Hense Hauptstra\u00dfe 11 91278 Pottenstein &nbsp; E-Mail:&nbsp;info@sg-pottenstein.de &nbsp; &nbsp; Sch\u00fctzenheim: Gasthaus Mager Hauptstra\u00dfe 17 91278 Pottenstein &nbsp; Zu finden sind wir in der Hauptstra\u00dfe gegen\u00fcber der Kirche St. Bartholom\u00e4us im Brauereigasthof Mager. Zum Schie\u00dfhaus gelangt man \u00fcber den zugeh\u00f6rigen Biergarten. &nbsp;<\/p>\n","protected":false},"author":1,"featured_media":0,"parent":0,"menu_order":0,"comment_status":"closed","ping_status":"closed","template":"","meta":{"ngg_post_thumbnail":0,"footnotes":""},"class_list":["post-531","page","type-page","status-publish","hentry"],"_links":{"self":[{"href":"https:\/\/sg-pottenstein.de\/index.php?rest_route=\/wp\/v2\/pages\/531","targetHints":{"allow":["GET"]}}],"collection":[{"href":"https:\/\/sg-pottenstein.de\/index.php?rest_route=\/wp\/v2\/pages"}],"about":[{"href":"https:\/\/sg-pottenstein.de\/index.php?rest_route=\/wp\/v2\/types\/page"}],"author":[{"embeddable":true,"href":"https:\/\/sg-pottenstein.de\/index.php?rest_route=\/wp\/v2\/users\/1"}],"replies":[{"embeddable":true,"href":"https:\/\/sg-pottenstein.de\/index.php?rest_route=%2Fwp%2Fv2%2Fcomments&post=531"}],"version-history":[{"count":6,"href":"https:\/\/sg-pottenstein.de\/index.php?rest_route=\/wp\/v2\/pages\/531\/revisions"}],"predecessor-version":[{"id":2202,"href":"https:\/\/sg-pottenstein.de\/index.php?rest_route=\/wp\/v2\/pages\/531\/revisions\/2202"}],"wp:attachment":[{"href":"https:\/\/sg-pottenstein.de\/index.php?rest_route=%2Fwp%2Fv2%2Fmedia&parent=531"}],"curies":[{"name":"wp","href":"https:\/\/api.w.org\/{rel}","templated":true}]}}